se
Is 945379695 a multiple of 10435?
True
Is 183 a factor of 28160589?
True
Is 10 a factor of 82469680?
True
Is 818 a factor of 238457634?
True
Is 24528840 a multiple of 840?
True
Does 62 divide 56339648?
True
Is 620 a factor of 1085246682?
False
Does 414 divide 7550118?
True
Is 134 a factor of 999352436?
True
Is 5944 a factor of 3176700401?
False
Is 126 a factor of 122184476?
False
Does 36 divide 810949563?
False
Is 47472401 a multiple of 36?
False
Is 23527980 a multiple of 142?
True
Is 399 a factor of 3363371?
False
Is 1121 a factor of 466287540?
False
Is 174 a factor of 724944033?
False
Is 220153290 a multiple of 30?
True
Is 32384640 a multiple of 1002?
True
Does 2920 divide 201100400?
True
Is 741 a factor of 105088620?
True
Is 39920653 a multiple of 1784?
False
Is 508774584 a multiple of 31?
False
Is 70 a factor of 14911483?
False
Is 363483224 a multiple of 26?
True
Is 10 a factor of 8459760?
True
Is 4254140250 a multiple of 12150?
True
Does 278 divide 146943275?
False
Is 21 a factor of 128622669?
True
Is 75563712 a multiple of 56?
True
Is 18 a factor of 41051610?
True
Does 66 divide 147792546?
True
Is 149640989 a multiple of 8?
False
Is 2285 a factor of 1375805355?
True
Is 7180264 a multiple of 8?
True
Is 359025700 a multiple of 759?
False
Does 18 divide 7019946?
True
Is 4826 a factor of 1847346737?
False
Is 3556 a factor of 427696036?
False
Is 22 a factor of 1027117322?
True
Is 241 a factor of 11097809?
True
Is 423942120 a multiple of 8?
True
Is 20 a factor of 164370420?
True
Does 5601 divide 62697594?
True
Is 7062270667 a multiple of 9714?
False
Is 407 a factor of 20888342?
False
Is 41 a factor of 1795747971?
True
Is 747358798 a multiple of 15?
False
Is 239265040 a multiple of 280?
True
Is 115 a factor of 193131121?
False
Does 56 divide 47661708?
False
Does 11 divide 38229879?
False
Is 197512989 a multiple of 435?
False
Is 2 a factor of 1396640?
True
Is 137845023 a multiple of 3687?
False
Does 20 divide 9592746?
False
Is 141 a factor of 102209490?
True
Is 530 a factor of 30569870?
True
Is 11451527 a multiple of 1657?
True
Is 64 a factor of 57039187?
False
Is 372215135 a multiple of 67?
False
Is 3 a factor of 15013697?
False
Is 140 a factor of 641912?
False
Is 32 a factor of 4670880?
True
Is 809 a factor of 1254584256?
True
Is 163667 a multiple of 5?
False
Is 2184 a factor of 455409864?
True
Does 1385 divide 660025744?
False
Is 213 a factor of 19722859?
False
Does 879 divide 15741132?
True
Is 507 a factor of 183520818?
True
Is 51334601 a multiple of 2?
False
Is 35513142 a multiple of 607?
True
Is 97044519 a multiple of 3155?
False
Does 12 divide 182622588?
True
Is 12741742 a multiple of 726?
False
Does 21 divide 30020481?
False
Is 594780516 a multiple of 54?
True
Is 672825408 a multiple of 24?
True
Is 45261417 a multiple of 16?
False
Is 77 a factor of 223881956?
False
Does 33 divide 33746696?
False
Is 18607799 a multiple of 7?
True
Is 76 a factor of 181401238?
False
Is 99 a factor of 164911928?
False
Is 58 a factor of 328390944?
False
Is 156449667 a multiple of 19?
True
Is 11432701 a multiple of 3615?
False
Does 6 divide 2203124971?
False
Does 4 divide 13112652?
True
Is 88 a factor of 15504104?
True
Does 17 divide 47862762?
False
Does 817 divide 24142175?
False
Is 2796 a factor of 49863516?
False
Is 1680 a factor of 3447066037?
False
Does 1139 divide 1440724517?
True
Is 3 a factor of 1114195?
False
Is 6285528 a multiple of 6?
True
Is 527129160 a multiple of 10?
True
Is 17511096 a multiple of 3816?
False
Is 764480721 a multiple of 96?
False
Does 24 divide 3652872?
True
Is 694 a factor of 559428914?
False
Does 580 divide 32127360?
True
Is 504292 a multiple of 22?
False
Does 848 divide 8931984?
True
Is 11 a factor of 220180150?
False
Is 647 a factor of 116341548?
False
Does 246 divide 15401076?
True
Is 43069050 a multiple of 18?
True
Is 29 a factor of 52462189?
True
Is 60146231 a multiple of 2557?
False
Does 1528 divide 1036145968?
True
Is 152 a factor of 28959282?
False
Does 120 divide 43451224?
False
Does 5 divide 1146515?
True
Does 374 divide 26380838?
True
Is 29 a factor of 70338450?
False
Is 1007981734 a multiple of 958?
True
Does 6 divide 28927509?
False
Is 1727 a factor of 51536085?
False
Does 961 divide 169689536?
True
Is 337 a factor of 498086?
True
Is 1110371313 a multiple of 3761?
True
Is 2 a factor of 4075178?
True
Does 10 divide 43828990?
True
Does 233 divide 81362945?
False
Is 8186801 a multiple of 22?
False
Is 618 a factor of 70882017?
False
Is 89 a factor of 257623850?
True
Is 306 a factor of 10359974?
False
Does 172 divide 134757872?
True
Is 38 a factor of 465993386?
False
Does 1714 divide 1369895466?
False
Is 10 a factor of 217106?
False
Is 1123 a factor of 66611507?
False
Is 12 a factor of 21070863?
False
Is 131493738 a multiple of 1762?
False
Is 126448812 a multiple of 63?
True
Does 36 divide 7424950?
False
Is 6570 a factor of 134763840?
True
Is 1470963678 a multiple of 194?
True
Is 857712070 a multiple of 10?
True
Does 510 divide 102508980?
True
Is 13 a factor of 14905436?
True
Is 328 a factor of 3226932?
False
Is 996702 a multiple of 1249?
True
Does 912 divide 5938944?
True
Does 69 divide 67129?
False
Is 93303063 a multiple of 1827?
True
Is 3156 a factor of 749776813?
False
Is 176 a factor of 305973712?
True
Is 73658104 a multiple of 26?
True
Does 612 divide 8465796?
True
Is 152 a factor of 40889362?
False
Is 22 a factor of 44773697?
False
Is 9605651 a multiple of 11?
True
Is 660 a factor of 102588420?
True
Is 26 a factor of 14444598?
False
Is 170 a factor of 22703397?
False
Does 1706 divide 466672888?
True
Is 44 a factor of 3330169582?
False
Does 366 divide 9458172?
True
Is 262 a factor of 25738880?
True
Does 4812 divide 1279262594?
False
Is 257641381 a multiple of 52?
False
Is 2274 a factor of 648090?
True
Is 206 a factor of 957744572?
False
Is 2253 a factor of 365984079?
True
Is 3788 a factor of 633936952?
True
Is 602 a factor of 57858220?
True
Does 893 divide 154112154?
True
Is 44 a factor of 114868972?
False
Is 14 a factor of 159049296?
True
Is 75 a factor of 113367319?
False
Does 152 divide 21991208?
True
Is 116335290 a multiple of 15?
True
Is 3243942965 a multiple of 22?
False
Is 118 a factor of 360848400?
False
Is 24 a factor of 16517321?
False
Is 932 a factor of 54524796?
True
Does 24 divide 762684667?
False
Is 20688221 a multiple of 4?
False
Does 129 divide 93254229?
True
Does 553 divide 826386812?
False
Is 251 a factor of 1800558038?
True
Is 2091 a factor of 22285878?
True
Is 716 a factor of 375197604?
True
Does 147 divide 98551446?
True
Does 442 divide 35052810?
True
Does 366 divide 639638671?
False
Is 6503 a factor of 1125622294?
False
Is 11 a factor of 1801357063?
True
Is 348 a factor of 700582812?
True
Is 32 a factor of 1407689312?
True
Does 34 divide 20370624?
True
Is 92686240 a multiple of 410?
True
Is 30 a factor of 473999340?
True
Does 11 divide 22379742?
True
Does 1061 divide 1938109602?
True
Is 74 a factor of 86794880?
False
Is 997407418 a multiple of 1683?
False
Is 309 a factor of 1669836?
True
Is 3482 a factor of 244955218?
True
Is 2159162434 a multiple of 13?
True
Is 447423465 a multiple of 14?
False
Is 4 a factor of 7022101?
False
Is 1065750777 a multiple of 7371?
True
Is 12 a factor of 6078175?
False
Does 5171 divide 639250214?
False
Is 152 a factor of 402711688?
True
Does 87 divide 75909501?
True
Is 2952122182 a multiple of 179?
False
Is 69966400 a multiple of 700?
True
Is 896 a factor of 1104045328?
False
Does 124 divide 41858432?
True
Is 530 a factor of 90560570?
True
Is 6396413 a multiple of 13?
False
Does 848 divide 107249104?
True
Does 10420 divide 786342004?
False
Does 44 divide 47568148?
False
Does 596 divide 44754399?
False
Does 476 divide 1756110830?
False
Is 3365859410 a multiple of 20?
False
Is 3503180 a multiple of 2140?
True
Is 20262902 a multiple of 2701?
True
Is 48725397 a multiple of 651?
True
Is 12962179 a multiple of 23?
True
Does 39 divide 449779785?
True
Does 2 divide 6165834?
True
Is 64877890 a multiple of 110?
True
Is 23947986 a multiple of 3?
True
Is 52 a factor of 96994560?
True
Does 1361 divide 27926359?
True
Is 10 a factor of 399444810?
True
Does 3139 divide 274995234?
True
Does 634 divide 2823202?
True
Is 3253 a factor of 2007855696?
True
Is 30017597 a multiple